.
-5
What is -1 - (-4 - 2) - 1?
4
Calculate 3 + (-1 - 2 - (-4 - 1)).
5
What is the value of 0 + (1 + -5 - (1 + -1))?
-4
What is the value of (-6 + -4 - -2) + 11?
3
What is the value of (-2 + 0 - (8 + -12)) + -4?
-2
Calculate -1 + -3 - (2 - 4 - 3).
1
Evaluate -1 - (-5 - 0 - -2).
2
Calculate 3 - (0 + -4 + 9).
-2
What is (-1 - 0) + (4 - 3)?
0
What is -6 + 1 + 4 - 2?
-3
What is the value of 1 - (-3 + 16 - 13)?
1
Evaluate (4 - (6 - (2 - 0))) + 5.
5
Calculate 7 - (3 + 2 - (23 + -19)).
6
What is -113 - -120 - (1 - -8)?
-2
Calculate 2 + (3 - (7 + -3 - 2)).
3
What is (-17 - -13) + (-1 - -4) + 4?
3
Evaluate 2 + 1 - -1 - 1.
3
0 + (4 - 14) + 3
-7
Calculate (-4 - 6 - 4) + 3.
-11
What is -2 - (-14 - -2) - 6?
4
Calculate 2 - (5 - (-1 - 1) - 2).
-3
What is the value of 2 + 2 + 17 + -25?
-4
Calculate -2 + 0 - (-86 - -87).
-3
Calculate -10 + (-8 - (6 + -22)).
-2
What is the value of (14 + -8 - 1) + -1?
4
Evaluate (6 + -1 - 0) + -10.
-5
Calculate 1 - 0 - (-1 - (0 - -5)).
7
What is the value of -3 + 1 + -2 - -6?
2
(0 - 1) + (94 - 86)
7
-9 + 2 - -1 - -8
2
What is -3 + (-2 + 0 + -1 - -1)?
-5
What is the value of (-1 + 1 - 6) + (-2 - -4)?
-4
What is the value of (-143 - -146) + (1 - (0 - 1))?
5
Evaluate -1 + 3 + 9 + -5 - 1.
5
Evaluate (0 - -5 - 4) + (1 - -4).
6
What is the value of 15 + -10 + (2 - 9) - -7?
5
What is the value of -5 + (4 - 4) + 0 + 0?
-5
Evaluate (5 - 2) + (-5 - -4).
2
Evaluate 1 - ((7 + -4 - 1) + -6).
5
What is the value of 3 - (4 - -1 - 3) - -5?
6
Evaluate -14 - -15 - (0 - 5).
6
Calculate -1 + -6 + (2 - -5).
0
What is -5 + -2 - (-19 + 4 - 0)?
8
What is -6 + (2 + -1 - -4)?
-1
Evaluate 4 - (-3 - -4) - (11 + -12).
4
What is the value of 4 + 1 + (-4 - -1)?
2
What is the value of (1 - 2 - 0 - 5) + 6?
0
Evaluate -2 + (3 + -5 - -8) + -3.
1
Calculate 0 - (-7 - -9) - (1 - 1).
-2
5 - (-1 + 3 - (8 + -14))
-3
Calculate -6 + 2 + (8 - -1).
5
Calculate (0 + 3 - (4 + -4)) + 0.
3
What is the value of -1 - (1 + -3) - (1 + -1)?
1
Evaluate 1 - (9 - 5 - 4).
1
1 - 0 - (17 - 9 - 10)
3
Evaluate -7 + 3 + 7 + (3 - 2).
4
Evaluate -3 + -6 + (2 + 0 - 1).
-8
What is the value of -5 - (16 - 7) - -19?
5
What is -4 - -3 - (-17 - -24)?
-8
What is 4 - (-7 + 2 + 5 - -5)?
-1
What is 5 - -1 - (13 + -3)?
-4
What is 4 + -2 + -7 - -3?
-2
What is the value of (-2 - 3) + 21 + -12?
4
What is -6 - 6 - (-17 + 8)?
-3
-6 + (-2 + 4 - (4 - 4))
-4
7 - (6 + (0 - 2))
3
What is 1 - 3 - (2 + 6 + -6)?
-4
What is -2 - (2 - (-4 - (1 - 5)))?
-4
What is the value of (10 - (-1 + 26)) + 12?
-3
Calculate 1 - 1 - (-5 + 6 + -4).
3
Calculate 4 + 6 + -16 + 3.
-3
Calculate -6 + (-6 - (-17 - (1 + -7))).
-1
What is the value of -5 + 0 + 2 + 46 + -49?
-6
Calculate -1 + (-5 - (6 + -7)) + 7.
2
What is -2 + (1 - 2) - (2 - 6)?
1
What is -13 - (-11 + 7) - -8?
-1
Evaluate -9 - (6 + -9 + 1).
-7
What is the value of 4 + -10 + 9 + -15 + 5?
-7
Evaluate -5 - (-11 - -8 - 7).
5
1 + -2 - (-10 - (-10 - -3))
2
What is the value of (-5 - 0) + (3 - -7)?
5
Calculate 3 - (-6 + (15 - 5)).
-1
Evaluate -1 - -4 - (3 + -1).
1
What is the value of (18 - 22) + -1 + 5?
0
What is -2 + (-1 - -5) - (12 + -5)?
-5
Calculate 2 + 2 - (-6 - -5).
5
What is -3 + 7 + (-8 - -6) - 5?
-3
Calculate (3 - -3 - 2) + (37 - 42).
-1
What is the value of (38 - 44) + 0 + 0?
-6
Calculate -2 - (0 + -3 - -6).
-5
Evaluate -9 + -1 - (20 + -25).
-5
What is -1 + -4 - (0 - 2)?
-3
What is the value of -19 + (16 - (11 - 5))?
-9
Evaluate -2 - 0 - (-9 - -10).
-3
Calculate 1 + (-1 + 4 - (-1 + 3)).
2
Calculate (-1 - (10 + -3 + -5)) + 1.
-2
Evaluate -1 + 2 + -3 + 1.
-1
6 - ((2 - -6) + -3)
1
What is (-3 - (0 - -3)) + 3?
-3
What is -3 - (-1 - -3) - (0 - 3)?
-2
(-5 - -1) + 1 + -41 + 44
0
(3 - (4 - 8)) + -3
4
Calculate 3 + -10 + (1 - -5).
-1
Evaluate (-12 - -3) + 14 + 0.
5
Calculate (5 - (4 - 1)) + -2 + 4.
4
Evaluate -1 - 2 - (4 - 2 - 3).
-2
Calculate -3 + 1 + 1 + -1 + -2.
-4
What is (3 + -1 - 4) + -3?
-5
What is -4 + 6 + -4 + -4 + 12?
6
3 + (1 - 2) + 1
3
Evaluate (-6 - (-4 - -4)) + 1.
-5
What is (-3 - -1) + -27 + 15 + 13?
-1
Evaluate (-3 - -2) + 2 - 1.
0
Evaluate -1 + -3 - (2 - 6).
0
Calculate (-6 - -5) + 4 + 0 + -3.
0
What is the value of 2 - (8 - (0 + 3))?
-3
-5 + (9 + -12 - (-2 + -1))
-5
What is the value of (-3 - -4) + -4 + (1 - 0)?
-2
Evaluate 3 - -2 - (-32 - -39).
-2
Evaluate 3 + -2 + 4 + -1 - 6.
-2
Evaluate 2 + -3 - (-5 - -1).
3
Calculate (1 + 2 - 1) + 1.
3
-1 + 2 + 1 - (-8 + 4)
6
What is the value of -30 - -29 - (3 + -4 + 1)?
-1
Evaluate (0 - (1 + -4)) + -4.
-1
Evaluate -4 + (6 - 3) - -6.
5
Calculate 2 + (-3 - -2) - -2.
3
Evaluate 0 + 2 + -7 - (2 + -3).
-4
Evaluate 4 - (-5 + -5 + 8).
6
What is the value of -5 + (-2 - -1 - (-45 - -38))?
1
What is the value of -11 + 9 + 1 - -8?
7
Evaluate (2 - (1 + 0)) + 1 - 5.
-3
Calculate -54 + 37 - (-5 - 7).
-5
What is the value of 0 + -5 - (63 + -70)?
2
Evaluate 10 + (-5 + 1 - 0).
6
1 + 0 + 0 + (3 - 2)
2
Evaluate 3 + -5 + -6 + 6.
-2
Evaluate 4 - 1 - 0 - (8 + -1).
-4
11 - (6 - (0 - (4 - 5)))
6
Calculate (-11 - -5) + (0 - -6 - 3).
-3
What is the value of 1 + (-4 - -8) + -2 + 3?
6
Calculate -4 + -2 + (-17 - -14) + 14.
5
What is (4 - 10) + 14 + -9 + 6?
5
Calculate 0 + 8 + 3 + -15.
-4
Calculate -2 - (-8 + -1) - (-1 + 11).
-3
-4 - (-19 - -6 - -6 - -7)
-4
Evaluate (3 - (1 - (3 - -1))) + -2.
4
1 + 2 + -1 + 2
4
What is the value of (-11 - -1) + (20 - 12)?
-2
Evaluate -3 + (-4 + 2 + 12 - 3).
4
Evaluate 2 - (-1 + (3 - 0)).
0
Evaluate 7 - 5 - (4 + -1).
-1
Evaluate -1 + (3 - 4 - 0).
-2
(-7 - 3) + 15 - (0 + 10)
-5
Calculate 2 + (-3 - -9 - 4) + -5.
-1
What is the value of -4 + (2 - 1) + (0 - -6)?
3
Calculate 6 + -8 - 1 - -6.
3
What is 10 - (4 + 4 + 10)?
-8
Calculate (-18 + 13 - 2) + (1 - -3).
-3
-3 + 4 + 7 + -6
2
Evaluate 0 + 1 - (5 + 4) - -3.
-5
What is the value of -2 + (3 - 4) - -5?
2
What is the value of 0 + ((3 - 5) + 6 - 5)?
-1
Calculate 4 - -1 - (-4 - (0 - 13)).
-4
0 + -1 - ((-1 - 1) + 3)
-2
Calculate 1 + (-9 - (14 + -12)).
-10
(0 - -4) + (-6 - (9 + -5))
-6
Evaluate 13 - (15 + (6 + -4 - 10)).
6
Calculate 4 + -4 - -8 - (-1 + 10).
-1
Evaluate 11 + -13 + -4 + 12.
6
-3 + -7 - (-3 - (-1 + 2))
-6
0 + 3 + -3 + 1 + -5
-4
What is the value of (-5 - -3) + 4 - (-22 + 22)?
2
What is the value of 0 - 3 - (0 - 4)?
1
Calculate 2 - (5 + (-3 - 1) - 0).
1
What is the value of 9 + 1 + (-11 - -7)?
6
Evaluate 1 - 4 - (12 - (11 - -4)).
0
Evaluate 0 - ((4 - -3) + -9 - 0).
2
(1 - (-3 + -2)) + -7
-1
What is the value of 0 + 2 - (-5 - (-7 - -2))?
2
Calculate 12 - 15 - (0 + 0 - 1).
-2
-3 + (6 - (3 + -4))
4
Calculate 10 - (3 - 2 - -4).
5
What is -9 - ((2 - -2) + (-14 - -7))?
-6
Evaluate 0 - (-7 - -3) - (-7 - -17).
-6
Calculate 3 - ((1 - -3) + 1).
-2
What is the value of 8 - (1 + -2) - 9?
0
What is the value of 1 - (-7 + (5 - -8))?
-5
What is (-3 - -2) + 1 - -3?
3
4 + 25 + -30 + (1 - -6)
6
What is (-13 + 19 - -4) + -1 + -4?
5
What is (-4 - -7) + -4 - -4?
3
What is -3 + (-2 - -1) - (-11 - -8)?
-1
Calculate -9 + 5 + (0 - 2) + 10.
4
Calculate -2 + 10 - (8 - -3) - 2.
-5
Evaluate 4 + -13 + (-6 - -22).
7
What is 2 + -8 + 2 + -5 + 6?
-3
What is the value of -1 + 1 + -2 - (5 + -3)?
-4
Evaluate (6 - 9) + 5 + -1 + 0.
1
Calculate 7 - (4 + 3) - (0 + 5).
-5
Evaluate -7 + 2 + 0 + -9 + 16.
2
Calculate (0 + -4 - (-4 - 0)) + -2.
-2
What is the value of -7 + 6 + 2 + -34 + 36?
3
Evaluate 4 + 4 - (-5 - -6 - -4).
3
-6 + (7 - (0 - -4))
-3
What is (7 - (1 + 7)) + 4 + 5?
8
-2 + (3 - -5 - 3) - 2
1
What is the value of (-7 - -5) + (-1 - -7)?
4
-6 + (2 - 2) + 1 + 0
-5
Evaluate -6 + 2 - -1 - -2 - -1.
0
0 + -4 - (0 + -5)
1
What is the value of (2 + -4 - 3) + 70 + -71?
-6
What is the value of 7 - (8 - 3) - -2?
4
Evaluate 4 - (3 + -8 + -3 + 11).
1
Calculate -8 + 14 + -7 - 3.
-4
Calculate (0 - -2) + -2 + 1.
1
What is the value of -6 - -2 - (-15 + 14)?
-3
Evaluate -7 + (-5 + -1 - -13).
0
Calculate 8 - (-2 + 9 - (1 + 2)).
4
What is the value of 2 + 7 + 0 - 9?
0
Evaluate 2 + (1 - 1) + (-8 - -9).
3
Calculate 0 + 3 + (1 - -7) + -11.
0
Evaluate 2 + -1 + 10 + -1.
10
Evaluate (-4 - 3) + (2 - -8).
3
What is 9 - (-2 + 21 - 5)?
-5
What is (2 - -1) + 0 + (-2 - -1)?
2
Calculate -1 + 6 + (-1 - 14) + 12.
2
Calculate 23 + 3 + -10 - 11.
5
Evaluate (-1 - (-6 + 2)) + -5.
-2
What is -6 + 10 - (1 + 2)?
1
7 + (-3 - (-2 + 2 - 2))
6
Evaluate 8 + (0 - (6 + -3)).
5
What is 1 + (-1 - 3) + 15 + -11?
1
What is the value of -2 + 2 + -